se 3, what is 10121 - 221111201?
-221101010
In base 6, what is -215 - 301?
-520
In base 13, what is -5 - -4a7a?
4a75
In base 10, what is -1167 - -2371?
1204
In base 15, what is -3 + 516b0?
516ac
In base 13, what is 14 - 7b0?
-799
In base 5, what is -10 - -312040?
312030
In base 2, what is -1000001 - -10011100?
1011011
In base 2, what is -10 - -101001011011100011?
101001011011100001
In base 4, what is -2 + 11120310?
11120302
In base 3, what is 221002000102111 + 2?
221002000102120
In base 14, what is 1033 + -1d?
1014
In base 13, what is -472c - -7?
-4725
In base 3, what is -11101202202 - -1?
-11101202201
In base 15, what is 7 - -ac1?
ac8
In base 5, what is -403104 - -1121?
-401433
In base 13, what is -5 - 4b1b?
-4b23
In base 3, what is -2 - -1221010022?
1221010020
In base 11, what is 29551 + 61?
29602
In base 8, what is -47640 - -2?
-47636
In base 7, what is 1 - 125002?
-125001
In base 6, what is -502 - 10234?
-11140
In base 13, what is -a5b09 - -6?
-a5b03
In base 3, what is -100211 + -100202?
-201120
In base 11, what is -14 + 16985?
16971
In base 2, what is -1000100100111010010 - -100?
-1000100100111001110
In base 16, what is 22 - -22?
44
In base 16, what is 859d - -13?
85b0
In base 5, what is -13220232 + 141?
-13220041
In base 15, what is 3e + -cca?
-c8b
In base 15, what is -197 + b11?
969
In base 2, what is -10001111101111010 - 111?
-10001111110000001
In base 11, what is 759030 - -2?
759032
In base 4, what is 1123 - 101213?
-100030
In base 10, what is -5466 - -400?
-5066
In base 10, what is -30885 - 1?
-30886
In base 9, what is 6844 + -21?
6823
In base 14, what is 87 + 61d3?
627a
In base 5, what is 120334 + -413?
114421
In base 4, what is 23101 + 12222?
101323
In base 7, what is -46004 + 2?
-46002
In base 8, what is -37 - -67535?
67476
In base 2, what is 1100 - -110010101100111?
110010101110011
In base 3, what is 20 + -11010011000?
-11010010210
In base 8, what is 5035 + -214?
4621
In base 10, what is 13864 - -8?
13872
In base 7, what is -10643 - -24?
-10616
In base 15, what is -ac3c - -b?
-ac31
In base 13, what is -1242a + 19?
-12411
In base 5, what is 0 - -441411?
441411
In base 2, what is 11 - -1010111100101101?
1010111100110000
In base 5, what is 10042 - 212441?
-202344
In base 13, what is -7 - 11899?
-118a3
In base 8, what is 634331 + 1?
634332
In base 11, what is -10 - -23788?
23778
In base 15, what is -3 - 69e0?
-69e3
In base 5, what is 3 - -23420133?
23420141
In base 9, what is -764514 + 6?
-764507
In base 4, what is 202102 - -33?
202201
In base 6, what is 315112 - 114?
314554
In base 11, what is 0 - 32715?
-32715
In base 15, what is 2d1e - -ea?
2e19
In base 10, what is -29781 - 4?
-29785
In base 5, what is -4 - 204010312?
-204010321
In base 14, what is -d - -9771?
9762
In base 13, what is a0 - -593?
663
In base 3, what is 10010022 + 1222?
10012021
In base 5, what is -10 + 2044101?
2044041
In base 6, what is 15 + -1104?
-1045
In base 8, what is 30 - 1154?
-1124
In base 4, what is 10013 + 103?
10122
In base 4, what is -30 - -331020?
330330
In base 8, what is -13423 - 40?
-13463
In base 8, what is -442 - 22?
-464
In base 3, what is 12112 + -102220121?
-102201002
In base 5, what is 102123 - -103?
102231
In base 8, what is -2520 - -640?
-1660
In base 7, what is -141511 + 4?
-141504
In base 6, what is 14 - 22505405?
-22505351
In base 13, what is -89491 - 0?
-89491
In base 12, what is 1aab - -6?
1ab5
In base 13, what is -365 + -816?
-b7b
In base 8, what is 36112 + 0?
36112
In base 8, what is -4 - 500570?
-500574
In base 14, what is -6b8b9 + 4?
-6b8b5
In base 16, what is 201 - -1973?
1b74
In base 8, what is -332265 + 1?
-332264
In base 11, what is -16 + 16418?
16402
In base 9, what is -1 - -1647064?
1647063
In base 4, what is 0 + 23321110?
23321110
In base 13, what is 17040 - -5?
17045
In base 2, what is 101011 + -1101001101100010?
-1101001100110111
In base 9, what is -467140 - 1?
-467141
In base 10, what is -56710 + 4?
-56706
In base 15, what is 2 + -1b839?
-1b837
In base 13, what is -3c41 - -32?
-3c0c
In base 4, what is -2021030000 + -3?
-2021030003
In base 14, what is 15bd + -1?
15bc
In base 4, what is -2 + -1122123?
-1122131
In base 12, what is -21ab2 - -5?
-21aa9
In base 7, what is 23 + -1001?
-645
In base 6, what is 1420 + -33553?
-32133
In base 15, what is -136 - -34?
-102
In base 14, what is -28 + -da98?
-dac2
In base 15, what is -8a - -2ea?
260
In base 8, what is -333 + -25273?
-25626
In base 3, what is 10021 + -11211102?
-11201011
In base 5, what is -20422 - 30?
-21002
In base 15, what is -9e1 + -16?
-a07
In base 5, what is 13 + -10203?
-10140
In base 2, what is 1101 - -1000011011110110?
1000011100000011
In base 16, what is 586a7d + -3?
586a7a
In base 2, what is -101001010 - 110010000?
-1011011010
In base 15, what is 855c + 2?
855e
In base 6, what is 1535 + -122?
1413
In base 10, what is -3 + 47800?
47797
In base 5, what is -23323 - 0?
-23323
In base 7, what is -602 + 256?
-313
In base 10, what is -12640 + -17?
-12657
In base 12, what is 358 - -b3?
44b
In base 14, what is 14405 + 1?
14406
In base 3, what is 12110202 - -21?
12111000
In base 8, what is -4 + -1533647?
-1533653
In base 14, what is 3274 - 1a0?
30b4
In base 9, what is -14 - 38178?
-38203
In base 2, what is 101000 + -11011000011100?
-11010111110100
In base 2, what is 111110110 + 1010101?
1001001011
In base 9, what is -16022 + -1?
-16023
In base 12, what is -37 - 127b1?
-12828
In base 9, what is 5 + 2266314?
2266320
In base 8, what is -20012 - 7?
-20021
In base 16, what is -e + 125c5?
125b7
In base 8, what is -1041 + -22214?
-23255
In base 16, what is -5c1cf - 0?
-5c1cf
In base 12, what is -6a350 + -a?
-6a35a
In base 10, what is -8 - -27179?
27171
In base 7, what is 1 + -14542646?
-14542645
In base 2, what is 1111110001101001 - 10?
1111110001100111
In base 2, what is -1000 + -1110100100011?
-1110100101011
In base 6, what is -1350 + -11?
-1401
In base 14, what is 6c9 - -a1?
78a
In base 12, what is -146 + 2961?
2817
In base 9, what is 46174 - 5?
46168
In base 2, what is 10000110100 + 101001?
10001011101
In base 5, what is 10 - -31124441?
31130001
In base 2, what is 1011010100111 + 100001?
1011011001000
In base 16, what is -4a5869 + 5?
-4a5864
In base 14, what is -12bcb + 0?
-12bcb
In base 15, what is 272 - -269?
4db
In base 4, what is -10 + 121301?
121231
In base 8, what is 2657 + -22?
2635
In base 9, what is 144554 + -7?
144546
In base 3, what is 2 - -1121200201?
1121200210
In base 13, what is 6588a + -a?
65880
In base 3, what is -10 - 12202200011?
-12202200021
In base 3, what is -1010122101 + -10?
-1010122111
In base 13, what is -1b8 - -359a?
33b2
In base 4, what is 1 - -1320?
1321
In base 12, what is -42282 + -16?
-42298
In base 13, what is 12ac1 + -9?
12ab5
In base 8, what is -3 - 2426654?
-2426657
In base 10, what is 1 + 16843?
16844
In base 16, what is -9 + 1ee?
1e5
In base 13, what is -2888 + 3?
-2885
In base 11, what is -3384 + -9?
-3392
In base 5, what is -10412 - 43430?
-104342
In base 14, what is -118 + -11b?
-235
In base 3, what is -10211110101222 - -2?
-10211110101220
In base 11, what is -2285 - 12?
-2297
In base 15, what is -8 - -2d3a1?
2d398
In base 16, what is -1c1 + 180?
-41
In base 11, what is 3333 - 17?
3317
In base 6, what is 12 - 51142?
-51130
In base 2, what is 10000010101110101 - 1010?
10000010101101011
In base 11, what is -110 + -1050?
-1160
In base 6, what is -20342205 + -2?
-20342211
In base 4, what is 20 + 331023111?
331023131
In base 14, what is b024 + 0?
b024
In base 2, what is -11 - 101100110110010111?
-101100110110011010
In base 15, what is -c8 - 113c?
-1215
In base 5, what is 21 + -31203?
-31132
In base 9, what is 37336 - 4?
37332
In base 11, what is 204429 + 11?
20443a
In base 7, what is 66351 - -21?
66402
In base 15, what is 151 - -253?
3a4
In base 11, what is -1537 + 378?
-116a
In base 12, what is -3b50a + 0?
-3b50a
In base 13, what is 2 + -7b67?
-7b65
In base 2, what is -101 - -1011010011101101?
1011010011101000
In base 16, what is -7e9 + 2?
-7e7
In base 14, what is 8 - -9c44?
9c4c
In base 10, what is 10136 - -11?
10147
In base 12, what is -541 - -59?
-4a4
In base 15, what is 88 + -1d?
6a
In base 3, what is 210001212221 - 12?
210001212202
In base 8, what is -1064 - -20?
-1044
In base 4, what is 21101321 - -10?
21101331
In base 2, what 